3*b + 2*s = 244, 5*b = 5*s - 0*s + j. Let p = 14 - -18. Calculate the greatest common factor of b and p.
16
Let c be (-1)/(2/(-54)) + 3. Suppose q - 4 - 1 = 0. Let l = q + 1. What is the highest common factor of c and l?
6
Let w(c) = c**3 - 9*c**2 + 12*c - 6. Let z be w(8). Calculate the highest common factor of 52 and z.
26
Suppose h - 4*h + 3*p + 15 = 0, 5*p = -3*h + 7. Let i = 19 - 116. Let y = -61 - i. What is the highest common factor of h and y?
4
Suppose 2*i - 2*c - 76 = -3*c, 0 = -5*i - 2*c + 191. Calculate the greatest common divisor of i and 13.
13
Let w be ((-9)/6)/(10/(-20)). What is the greatest common divisor of 21 and w?
3
Let b(f) = -f**3 - 9*f**2 - 3*f - 4. Let v = -23 - -14. Let h be b(v). Calculate the highest common divisor of h and 92.
23
Let v = -178 + 358. Let h(r) = -8*r - 4. Let g be 15/(-3) - -2*1. Let z be h(g). Calculate the highest common factor of z and v.
20
Let d(g) be the third derivative of g**6/120 + g**4/24 + 10*g**3/3 + 7*g**2. Let i be d(0). What is the greatest common divisor of 2 and i?
2
Suppose 780 = -0*l - l. Let u be (-30)/(-9)*l/(-25). Calculate the greatest common factor of u and 13.
13
Suppose -3 = 2*v - 29. Calculate the highest common divisor of 117 and v.
13
Suppose 0 = 4*s + j + 31 - 96, 3*s = 4*j + 44. What is the greatest common divisor of s and 128?
16
Let k = 23 - 17. Calculate the greatest common divisor of k and 6.
6
Let m be -20 + (-5)/(15/6). Let w = m + 38. What is the highest common divisor of 16 and w?
16
Suppose 2*o = -4 + 20. Suppose -5*i - 7 = -3*h, 2*i + 11 = -3*i - h. Let r = 10 + i. Calculate the greatest common factor of o and r.
8
Suppose 36 + 27 = i. Calculate the highest common divisor of 42 and i.
21
Let b = 42 + -17. Suppose -4*t + b = -15. Let m = 11 - -99. Calculate the greatest common factor of m and t.
10
Suppose -5*o + 12 = 5*z + 2, -2 = -z - 3*o. Suppose -5 = z*a - a, -37 = -x + 5*a. Let p be -1 + 8 + 1/1. Calculate the greatest common factor of p and x.
4
Suppose 18 - 1 = l + y, 4*l = -5*y + 65. Calculate the greatest common divisor of l and 160.
20
Let f(l) = l**3 + 4*l**2 - 6*l - 4. Let v be f(-5). Calculate the highest common factor of 3 and v.
1
Suppose 3*f - 5*p = 0, -p + 7 = f - 1. Suppose 0 = 4*s - f*s + 144. Calculate the greatest common factor of 16 and s.
16
Let m = 9 + -9. Suppose 4*t - 206 = -3*r, 0*r + r - 5*t - 75 = m. Let s = -16 - -26. Calculate the highest common divisor of s and r.
10
Let r = 2 + 9. Let o = -46 - -167. What is the highest common divisor of o and r?
11
Suppose -5*z = -4*z + 2*b - 98, -2*b - 342 = -4*z. What is the greatest common factor of 11 and z?
11
Suppose -4*v - v = 2*n - 162, n = -3*v + 97. What is the greatest common divisor of 144 and v?
16
Let q = 575 + -379. Suppose -4*u - 4 = 0, -4*j - j - 2*u + 138 = 0. Suppose j = -0*v + v. What is the highest common divisor of q and v?
28
Let i be ((-3)/9)/(5/(-570)). Suppose 5*c = -2*l + i, 3*c = -5*l + 10 + 9. Calculate the highest common divisor of c and 32.
8
Let q be 51*(4/(-3) + 2). Let y = -34 - -51. What is the greatest common factor of y and q?
17
Let y = 91 + -65. Suppose -2*o - y = -10. Let z(g) = -g**3 - 8*g**2 - 6*g - 4. Let q be z(o). Calculate the greatest common factor of 4 and q.
4
Suppose -1 - 23 = -4*o. Calculate the greatest common factor of o and 9.
3
Suppose 0 = -9*m + 7*m + 42. Calculate the highest common factor of m and 21.
21
Let m(d) = -d**2 - 2*d. Let a be m(2). Let g be 2/8 + (-14)/a. Suppose -21 = u - g*u. Calculate the highest common factor of 126 and u.
21
Suppose l + 2*z - 7 = 0, 0 = 4*l + 4*z - 34 + 10. Suppose -2*m - 2*m + 28 = 5*t, -2*m = l*t - 24. What is the highest common factor of 2 and m?
2
Let x = 8 + -1. Suppose c = 5*w + 37, x*w + 121 = 3*c + 2*w. What is the greatest common divisor of c and 6?
6
Suppose 0 = -6*y + 3*y + 9. Let i(r) = 0*r - 3*r + 2*r**2 + 6 + 3*r - y*r. Let v be i(6). What is the greatest common divisor of v and 15?
15
Let q be (-6 + 0)/(-1 + -1). Calculate the highest common factor of 15 and q.
3
Let u be (-6)/(-18)*(-4 - -4 - -3). What is the highest common divisor of u and 3?
1
Suppose -4*a + 23 + 13 = 0. What is the greatest common factor of 9 and a?
9
Let m be (6/(-10))/((-5)/75). Suppose 0 = 2*c - 5 - m. Let g(j) = j**2 - 5*j - 1. Let l be g(c). What is the greatest common factor of 65 and l?
13
Let g be (-2)/9 + 470/90. What is the greatest common factor of 40 and g?
5
Suppose 4*z = -0*z. Suppose z = i, -5*i + 0*i = a - 15. Calculate the greatest common factor of 30 and a.
15
Let a = 22 - 16. Let o be (-400)/(-18) + a/(-27). Let y = 37 - o. What is the highest common factor of y and 15?
15
Let n = 9 + -5. Suppose 2 = -n*i + 2*i. Let r be ((-1)/i)/((-2)/(-24)). Calculate the highest common divisor of 4 and r.
4
Suppose -c = -2*c + 21. What is the highest common factor of 7 and c?
7
Suppose 2*r + i = 4*r - 29, 5*r = -i + 62. Calculate the greatest common divisor of 117 and r.
13
Suppose -i = -0*i. Suppose l + 4*l - 5 = i. What is the greatest common factor of 11 and l?
1
Let z be (1/(3/(-132)))/(-1). What is the greatest common divisor of 66 and z?
22
Let a = -20 - -36. Let y = 510 - 506. What is the highest common factor of a and y?
4
Let h = -74 - -80. Calculate the greatest common factor of 18 and h.
6
Suppose -4*w + 9 + 7 = 0. Suppose -2*k = -w*k + 48. What is the highest common divisor of k and 60?
12
Let v(u) = 58*u**2 + 4*u - 2. Let j be v(1). What is the greatest common factor of 100 and j?
20
Let h be 2/1*(-2)/(-2). Suppose w = -2, -h*n + 0 = 3*w - 4. Suppose 13 = -5*v + 88. Calculate the highest common divisor of v and n.
5
Suppose x = -3*x + q + 51, -4*q + 20 = 0. Calculate the greatest common factor of 35 and x.
7
Let u be (208/65)/((-4)/(-10)). Calculate the greatest common factor of 4 and u.
4
Let r be (-148)/(-12) - (34/(-6) + 5). Suppose -4*i = -n - 160, 2*i + 0*i + 3*n = 66. What is the highest common divisor of i and r?
13
Let w(u) = 4*u**3 - 4*u**2 + u. Let r be w(3). Let i be r/(-30)*14/(-5). What is the greatest common factor of 56 and i?
7
Suppose -5*s = -4*h - 132 - 1398, -612 = -2*s - h. Let y = -215 + s. Calculate the highest common factor of 13 and y.
13
Suppose 3*t = -2*t. Suppose -2*l + 25 - 1 = t. What is the greatest common divisor of l and 18?
6
Suppose 5*c + d - 99 = 0, -4*c + 83 = -d + 11. Calculate the greatest common divisor of 19 and c.
19
Let j be 3/(-2) + (-44)/(-8). Calculate the greatest common divisor of 8 and j.
4
Suppose -4*h - n = -341, -5*h + 485 - 75 = -2*n. Suppose -5*m + h = 24. Calculate the highest common divisor of 3 and m.
3
Let n be 1/4 - 210/(-24). What is the greatest common factor of n and 36?
9
Suppose 2*y + y - 3 = 0. Calculate the highest common factor of 11 and y.
1
Let i = -12 - -15. Let n = 38 + -22. Suppose i*d + n = 46. What is the highest common factor of 10 and d?
10
Let w be (5/2)/(1/6). Let x(s) = s**3 - 4*s**2 - 5*s - 3. Let d be x(5). Let l be 2 + -3 - 228/d. Calculate the highest common factor of l and w.
15
Let y(p) be the first derivative of p**3/3 + 2*p**2 - 4*p + 1. Let a be y(3). Suppose -2*n = 2*n - 748. What is the greatest common factor of a and n?
17
Suppose t = -4*y + 76, -3*y + t = -3*t - 57. Calculate the greatest common factor of 19 and y.
19
Let d(s) = s**2 - 7*s + 5. Let u be d(7). Let p = 73 + -24. Suppose 0 = u*o - 1 - p. What is the greatest common divisor of 90 and o?
10
Let o = 14 + -16. Let x be (0/o)/4 - -17. Calculate the highest common factor of x and 187.
17
Suppose -4*f - 2*r + 26 = 0, 2*f - 2*r - 37 = -3*f. Calculate the greatest common divisor of 49 and f.
7
Let u = 24 + -14. Suppose 0 = c + 5*k - 7*k, 5*c = 5*k + 10. Calculate the greatest common divisor of u and c.
2
Let z = 48 - 38. What is the greatest common divisor of 15 and z?
5
Suppose a = 2*d + 3*a - 234, -587 = -5*d - 4*a. What is the greatest common divisor of d and 17?
17
Suppose 0 = 3*j - 4*b - 148, 3*b - 122 = 5*j - 365. What is the highest common divisor of 192 and j?
48
Suppose 1053 = 2*c + q + 106, 3*c - 2*q - 1417 = 0. Calculate the highest common factor of 43 and c.
43
Let f(d) = -d**3 - 2*d**2 + 5*d - 2. Let v be f(-4). Let k be (3/(-2))/((-1)/v). Suppose -5*b = -k - 30. Calculate the highest common factor of 81 and b.
9
Suppose 4 = -h - 3*x - 1, 